omposite?
False
Is 446657 a composite number?
False
Is 10694689 a composite number?
False
Is 2164963 prime?
True
Is 2455217 prime?
True
Is 77557913 composite?
False
Is 2338954 prime?
False
Is 125915587 composite?
True
Is 12028001 composite?
False
Is 24022949 a composite number?
False
Is 1314497 a composite number?
False
Is 46325751 composite?
True
Is 455654249 a prime number?
False
Is 1279493651 composite?
False
Is 5670593 prime?
True
Is 29632441 prime?
False
Is 224101 composite?
False
Is 16120241 composite?
True
Is 15215647 prime?
True
Is 40231 composite?
False
Is 1006147 prime?
True
Is 1078601 prime?
False
Is 10008667 a prime number?
True
Is 145627 composite?
True
Is 8213203 a composite number?
True
Is 10260303 prime?
False
Is 2156073 composite?
True
Is 57035813 composite?
False
Is 145153321 a prime number?
True
Is 941419747 prime?
False
Is 425641 a composite number?
False
Is 15248729 a composite number?
False
Is 23269979 composite?
False
Is 130426957 a prime number?
False
Is 54869791 a composite number?
False
Is 16423531 prime?
True
Is 4492739 composite?
True
Is 144639769 prime?
False
Is 12152839 a composite number?
True
Is 14077333 a prime number?
True
Is 48036367 prime?
True
Is 6785999 a composite number?
True
Is 2421557 a prime number?
False
Is 15113879 a composite number?
True
Is 688881 prime?
False
Is 6826271 a composite number?
False
Is 257917729 prime?
True
Is 118891151 prime?
False
Is 21571841 prime?
True
Is 173101091 a prime number?
True
Is 299969 composite?
False
Is 96533189 prime?
True
Is 185166181 a composite number?
False
Is 7557659 composite?
False
Is 41927609 a prime number?
True
Is 2236897 composite?
True
Is 5244677 composite?
True
Is 9461033 composite?
False
Is 147294607 a prime number?
True
Is 23326231 a prime number?
True
Is 9303823 prime?
True
Is 3526747 a prime number?
False
Is 143939 a composite number?
True
Is 1848751 prime?
True
Is 5506591 composite?
True
Is 35850223 composite?
False
Is 4231349 a composite number?
True
Is 207618503 a prime number?
True
Is 4230997 a prime number?
True
Is 2397763 a composite number?
True
Is 389189 a prime number?
True
Is 5888665 prime?
False
Is 7887931 prime?
False
Is 11769809 a prime number?
True
Is 1045001 prime?
False
Is 5325059 a prime number?
True
Is 21851569 a prime number?
False
Is 3926206 a composite number?
True
Is 83014 a composite number?
True
Is 30800849 prime?
True
Is 3023245 a prime number?
False
Is 896557 composite?
False
Is 90098131 composite?
False
Is 32554829 prime?
True
Is 27245129 prime?
True
Is 6922177 a composite number?
True
Is 6811213 prime?
True
Is 516495355 a prime number?
False
Is 32175057 a composite number?
True
Is 258233 prime?
True
Is 8164487 a prime number?
False
Is 9265117 a prime number?
False
Is 4338385 prime?
False
Is 319354285 a composite number?
True
Is 4605053 prime?
False
Is 19767127 composite?
False
Is 6215973 prime?
False
Is 231419 a prime number?
True
Is 246187 composite?
False
Is 8784287 a prime number?
False
Is 72760133 a composite number?
False
Is 17324039 a composite number?
False
Is 681589 a composite number?
False
Is 236095987 a composite number?
False
Is 28310603 a prime number?
False
Is 633337 a composite number?
False
Is 191091 a prime number?
False
Is 347401 a prime number?
True
Is 14753917 prime?
True
Is 4343869 a prime number?
True
Is 672439 a composite number?
False
Is 102850009 prime?
False
Is 7818277 composite?
True
Is 47150777 composite?
True
Is 4584277 a prime number?
True
Is 21415067 composite?
False
Is 42845281 prime?
True
Is 37667 a composite number?
True
Is 37343749 a prime number?
False
Is 8968003 prime?
False
Is 22107383 composite?
False
Is 4606754 a composite number?
True
Is 5001193 composite?
False
Is 699134 composite?
True
Is 16103963 prime?
False
Is 62832283 composite?
False
Is 100357619 a composite number?
False
Is 652889 prime?
False
Is 36425443 composite?
False
Is 80668253 composite?
True
Is 70151399 prime?
False
Is 1406491 a prime number?
False
Is 11044195 a prime number?
False
Is 320791 a prime number?
True
Is 8217947 a composite number?
False
Is 155735765 a composite number?
True
Is 23141477 composite?
False
Is 133552103 a composite number?
True
Is 116966873 a prime number?
False
Is 60191111 a composite number?
False
Is 46277087 composite?
False
Is 111255929 prime?
False
Is 3169411 composite?
True
Is 165643 a prime number?
False
Is 4272547 composite?
True
Is 973099 a prime number?
True
Is 306457 composite?
False
Is 29481041 prime?
False
Is 22311521 prime?
False
Is 3596345269 a composite number?
True
Is 24161387 composite?
False
Is 92478007 a composite number?
False
Is 9575213 prime?
True
Is 256177897 composite?
False
Is 1024907 a composite number?
True
Is 243188791 composite?
True
Is 306758909 composite?
False
Is 17162539 prime?
True
Is 6797639 a composite number?
False
Is 86124331 prime?
True
Is 111301 prime?
True
Is 5779387 composite?
False
Is 40930097 a prime number?
False
Is 4420037 prime?
True
Is 434591 a composite number?
True
Is 4306611 prime?
False
Is 22616123 a prime number?
True
Is 733034083 composite?
False
Is 69170921 a prime number?
False
Is 475183 composite?
True
Is 9905141 prime?
True
Is 92758091 composite?
False
Is 7052489 a composite number?
False
Is 1388185 composite?
True
Is 2071099 prime?
False
Is 163527167 prime?
False
Is 5910797 prime?
False
Is 8987259 a composite number?
True
Is 543885442 a prime number?
False
Is 216890251 a composite number?
True
Is 1270033 prime?
True
Is 295986169 a prime number?
True
Is 12515011 a composite number?
True
Is 26383769 composite?
False
Is 62033443 prime?
True
Is 26250773 a composite number?
True
Is 25395931 prime?
False
Is 10029209 prime?
False
Is 6613807 composite?
False
Is 409514993 a prime number?
False
Is 292788781 a composite number?
True
Is 170002013 a composite number?
True
Is 46421329 prime?
False
Is 753127 a prime number?
True
Is 589627 composite?
True
Is 3366769 composite?
True
Is 392559623 prime?
True
Is 12739201 a prime number?
False
Is 28365191 a composite number?
False
Is 9016177 composite?
False
Is 13221427 a composite number?
True
Is 55778693 a composite number?
True
Is 37017563 a prime number?
False
Is 76156673 a composite number?
False
Is 15252938 composite?
True
Is 206817751 prime?
False
Is 1013993 prime?
True
Is 30981271 a composite number?
True
Is 26526683 a prime number?
True
Is 6090581 prime?
False
Is 428158543 prime?
True
Is 10867645 prime?
False
Is 44464487 composite?
False
Is 23232077 a prime number?
False
Is 576313 a composite number?
False
Is 6881839 a composite number?
False
Is 1282271 prime?
False
Is 211371 a prime number?
False
Is 11001277 composite?
True
Is 116041 composite?
False
Is 25360469 a prime number?
True
Is 21406339 composite?
False
Is 1752913 a prime number?
True
Is 74966 composite?
True
Is 8425633 a prime number?
False
Is 56576929 composite?
True
Is 3156887 composite?
False
Is 296153059 a prime number?
False
Is 37541003 prime?
True
Is 105803931 a prime number?
False
Is 191039001 composite?
True
Is 915442259 prime?
True
Is 1395659 a composite number?
False
Is 27072791 composite?
False
Is 15196537 a composite number?
True
Is 35625493 prime?
True
Is 4001741 composite?
False
Is 1680883 a composite number?
True
Is 2187011 a prime number?
True
Is 6546539 a prime number?
True
Is 46811227 a composite number?
False
Is 293969 a composite number?
True
Is 49817283 a composite number?
True
Is 531842 composite?
True
Is 229835779 prime?
True
Is 4762423 a composite number?
True
Is 10691843 a composite number?
True
Is 42704273 prime?
False
Is 25769849 a prime number?
False
Is 152962709 a composite number?
False
Is 444269011 composite?
False
Is 30501617 a prime number?
True
Is 11202227 prime?
False
Is 6181381 prime?
False
Is 1752689 a prime number?
False
Is 7256107 a prime number?
False
Is 176977135 composite?
True
Is 10035011 a prime number?
False
Is 42625181 prime?
True
Is 1129046 composite?
True
Is 2877711 composite?
True
Is 4674238 prime?
False
Is 19790233 prime?
True
Is 511500439 a composite number?
False
Is 205660157 composite?
False
Is 3424879 composite?
False
Is 3270013 a composite number?
True
Is 20915707 a composite number?
False
Is 407377249 composite?
False
Is 101120953 prime?
False
Is 237959 a prime number?
True
I